 + 37060. What is the highest common divisor of 34 and m?
17
Let b be (-40)/(-14)*171/76*168/108. Let l be (-77 - -2)*3/(-9). What is the greatest common divisor of l and b?
5
Let q be 4 - ((-4)/(-1) + 0 - 0). Let p be (50/20)/((-1)/22 + q). Let h = p - -154. What is the highest common factor of h and 11?
11
Suppose -5*r = 48*i - 44*i - 127, 3*i - 129 = 3*r. Suppose -7*g + 4 = -5*g. Calculate the highest common divisor of g and i.
2
Suppose x = 3*a - 4, 4*a - x = 3*a. Let v(j) = a*j + 2 + 34 + 0*j. Let y be v(-16). What is the highest common factor of 6 and y?
2
Let z = -2715 + 4971. Let j be z/15 + (-6)/15. What is the greatest common factor of j and 15?
15
Suppose 0 = 3*u - 3*h - 183 + 15, 0 = -2*h + 6. Suppose -31 = -3*x + u. Calculate the greatest common factor of 15 and x.
15
Let y(l) = 9*l**2 + 30*l - 6. Let p be y(6). Let s = p + -95. What is the highest common factor of 26 and s?
13
Let h be (-510)/(-6)*(-12)/(-5). Suppose u + h = -2*u. Let a = u - -86. What is the greatest common divisor of a and 24?
6
Suppose -91*j + 189*j - 13965 = 79*j. What is the greatest common divisor of j and 30?
15
Suppose 2*f - 1779 + 321 = -5*x, 0 = x + 3*f - 315. What is the greatest common divisor of x and 18?
18
Let g = 17 - -239. Suppose 0 = 680*h - 688*h + g. What is the greatest common factor of h and 112?
16
Let b be (134 - -6)*50/8. Let r = -619 + b. Suppose 0 = j - x - r, -3*x - 5 - 4 = 0. What is the highest common factor of 23 and j?
23
Let m be (-96 + -114)/(2/(-1)). Calculate the greatest common factor of 280 and m.
35
Let g(a) = -a**3 - a**2 - a + 22. Let w be g(0). Let n = 376 - 371. Suppose -274 = -n*i - 164. Calculate the highest common divisor of i and w.
22
Suppose -18*a - 1520 + 11960 = 0. What is the greatest common divisor of 522 and a?
58
Suppose -263*c + 28143 + 30711 = 19930. What is the highest common factor of 4588 and c?
148
Let x = -37332 + 55396. What is the highest common factor of x and 16?
16
Let y be (-6960)/240*(-91 - (2 - 2)). Calculate the highest common divisor of 273 and y.
91
Suppose -248*l - 20280 = -308*l. What is the greatest common factor of 10 and l?
2
Suppose 4*k = 2*c - 6, -2*c + 5*k = 2 - 8. Suppose -2*r + 36 = 3*m, -c*m = -4*r + 6 + 30. Calculate the greatest common factor of 12 and r.
12
Let c = 91 + -89. Let b(p) = 5*p**c + 0*p**2 - p**2 + 23*p - 5 - 5*p**2. Let w be b(22). What is the highest common divisor of w and 51?
17
Let q(u) be the third derivative of u**6/60 - u**5/3 + 5*u**4/24 - 17*u**3/6 - 10*u**2 - 2*u. Let k be q(10). Calculate the greatest common divisor of 21 and k.
3
Let g = -105 - -154. Let o = 54 - g. Suppose -26 = o*z - 116. Calculate the highest common divisor of 12 and z.
6
Suppose -m - 12 = -5*m, 2*m = -3*d + 141. Let q be (-220)/30*(-3)/(-2). Let f(b) = -2*b - 4. Let w be f(q). Calculate the highest common divisor of w and d.
9
Let p be (60/(-11))/((-6)/99). Calculate the greatest common divisor of p and 80.
10
Let z(c) = 3*c**2 - 153*c + 1575. Let g be z(10). Calculate the highest common divisor of 966 and g.
69
Suppose -60*a = -88*a + 9632. Let r be 48*((-4)/(-3) + -1). What is the highest common factor of a and r?
8
Suppose -8*s = -6*s - 24. Suppose -53*z + 37*z + 128 = 0. Calculate the highest common factor of s and z.
4
Let r(a) be the third derivative of 31/60*a**5 - 1/3*a**3 + 0 + a**2 + 1/24*a**4 + 0*a. Let i be r(-2). Calculate the greatest common divisor of i and 80.
40
Suppose 102*d - 99*d + 5*r - 86 = 0, -d - 2*r + 30 = 0. Calculate the greatest common divisor of d and 1474.
22
Let l = 56 + 59. Suppose 130 = 5*o - 5*i, -o + 38 = -0*o - 4*i. Let n = o + 1. What is the highest common divisor of l and n?
23
Let b = 31937 + -31645. What is the greatest common factor of 1314 and b?
146
Let s(r) = r**3 + 23*r**2 + 24*r + 32. Let v be s(-22). Let c be (4 + 147/v)/((-2)/8). What is the greatest common factor of 231 and c?
33
Let w(v) = -2*v**2 - 10*v + 4. Let y be w(-5). Let z be (-359)/5 - y/(-5). Let j = 127 + z. Calculate the highest common divisor of 21 and j.
7
Let b = -45 + 54. Suppose -23*p = -b*p - 1428. Let c(w) = w**3 + 9*w**2 - 5*w - 11. Let u be c(-9). What is the greatest common divisor of u and p?
34
Let w(k) = -29*k**3 - 8*k**2 - 3*k + 1. Let q be w(-1). What is the highest common factor of q and 175?
25
Let x be 2560/240*(44/12*3 + 4). Calculate the highest common factor of x and 905.
5
Suppose 84 = 4*z - 48*c + 44*c, 2*z = -5*c + 28. What is the highest common divisor of z and 589?
19
Suppose 5*x - 3275 = -5*w, -11*w + 2*x + 1310 = -9*w. Calculate the greatest common divisor of 2096 and w.
131
Let i = 81 - 49. Let f(z) = 110*z**2 - 1402*z + 244. Let n be f(13). Calculate the highest common divisor of i and n.
32
Suppose -1441 = -4*c + 1679. Suppose -4*b - 3*g + 787 = -0*b, -4*b = -4*g - c. What is the greatest common divisor of b and 28?
28
Let l(j) = 8*j + 490. Let q be l(-20). What is the greatest common divisor of 110 and q?
110
Let v = -50 - -52. Let h be 6 + -10 - v*-5. Suppose 8*u - 176 = h*u. What is the greatest common factor of 11 and u?
11
Suppose -5*s + 38 = 3*m - 24, 0 = -5*m + s + 94. Suppose -4*a + 45 = 11*a. Let n be 5/2*(-176)/(-20) - a. What is the highest common factor of m and n?
19
Let i be (4 - 1 - 4) + (-1 - -16). Let u be i/4 - 7/(-14). Suppose h = u*h - 30. Calculate the greatest common factor of h and 10.
10
Suppose 66 = 3*x + 4*s, 3*x + x + 3*s - 95 = 0. Suppose 0 = -x*u + 25*u + 75. What is the greatest common factor of u and 100?
25
Let k = 10353 - 8703. What is the greatest common divisor of 132 and k?
66
Suppose 12 = 3*t + 27, 4*f + t = 35. Let j be 126 + (-2 - (-4 - -3)). Calculate the highest common divisor of f and j.
5
Suppose 0 = 4*b - 5*f - 24986, -25010 = -4*b + 23*f - 22*f. What is the greatest common factor of 53 and b?
53
Let d be (-8)/2*7/(-4). Suppose 3*n + 96 = 5*u, 15*n = -4*u + 8*n + 105. Calculate the greatest common divisor of u and d.
7
Suppose -7*y = 24 + 32. Let s = y + 24. Let h be s/(-6)*696/(-32). What is the highest common divisor of h and 145?
29
Suppose 102108 = 59*t - 110882 + 51507. What is the highest common divisor of 1288 and t?
161
Suppose -3*u = -2*c - 49 - 14, 3*c = u - 84. Let q = c - -126. Suppose q = 5*a - 3*b, 0*a + b - 65 = -3*a. What is the highest common factor of a and 84?
21
Let j = -582 - -289. Let x = 425 + j. Let q(d) = -d**2 + 18*d - 47. Let m be q(10). What is the greatest common factor of m and x?
33
Suppose -5*x + 111 = -q, -4*q = -7 - 9. Let a be (x/(-46))/((-1)/2). Suppose 4*t - 75 = -t + 4*d, 2*d - 1 = -t. What is the highest common divisor of a and t?
1
Let i(l) = 16*l + 3. Let p be i(-1). Let f = p - -12. Let m(a) = -12*a + 5. Let k be m(f). What is the highest common factor of 85 and k?
17
Let o(g) = 7*g + 120. Let k be o(-18). Let j be 2 - -89*k/(-6). What is the highest common factor of 21 and j?
7
Let p = 6971 + 3085. Calculate the highest common factor of 24 and p.
24
Let h(j) = -j**2 - 67*j + 16. Let l be h(-67). Calculate the highest common factor of l and 18.
2
Let v(s) = 74*s + 136. Let p be v(8). What is the highest common factor of 35 and p?
7
Let u(x) = x**2 + 2*x - 98. Let r be u(9). Let p be (-6)/1 + r + 10440/58. Calculate the highest common divisor of 14 and p.
7
Suppose 756 = 20*j + 16*j. Let m be 2/((-6)/21) + j. Calculate the greatest common factor of m and 133.
7
Let o(r) = 2*r**3 - 317*r**2 + 2549*r + 222. Let l be o(150). Suppose -2*c - 2*k + 357 = -47, 3*c - k = 590. What is the greatest common factor of c and l?
18
Suppose f - 100 = -5*l, 8*f - 2*l = 5*f + 232. What is the highest common factor of 1840 and f?
80
Let z be (-7755)/3*(1 + 104/(-65)). Calculate the greatest common divisor of 66 and z.
33
Let a(l) = -31*l + 3. Let c be a(-2). Let n(b) = 4*b**2 - 12*b - 30. Let t be n(8). What is the greatest common factor of t and c?
65
Suppose 0 = -c + 5*c - 8. Suppose 0 = 5*m + c*w + w + 3, -4*w = 4. Suppose m = 7*u - 478 - 551. Calculate the highest common factor of u and 21.
21
Let v = 6899 + -424. What is the highest common factor of v and 1925?
175
Let o = -24 - -44. Let g be 0 + (-4)/(o/(-285)). Suppose -2*k = -3*k + 38. What is the greatest common divisor of g and k?
19
Suppose 237 = 4*d - c, 2*d - 175 = c - 58. Suppose 21*u - 16*u = d. Let x be (-